{"id":5413,"date":"2018-06-18T06:57:57","date_gmt":"2018-06-18T06:57:57","guid":{"rendered":"https:\/\/fastalimentos.com.br\/?page_id=5413"},"modified":"2022-08-29T12:28:16","modified_gmt":"2022-08-29T12:28:16","slug":"dicas-de-preparo","status":"publish","type":"page","link":"https:\/\/fastalimentos.com.br\/index.php\/dicas-de-preparo\/","title":{"rendered":"Dicas de preparo"},"content":{"rendered":"\t\t<div data-elementor-type=\"wp-post\" data-elementor-id=\"5413\" class=\"elementor elementor-5413\" data-elementor-post-type=\"page\">\n\t\t\t\t\t\t<section class=\"elementor-section elementor-top-section elementor-element elementor-element-d0826ca elementor-hidden-mobile elementor-section-boxed elementor-section-height-default elementor-section-height-default\" data-id=\"d0826ca\" data-element_type=\"section\">\n\t\t\t\t\t\t<div class=\"elementor-container elementor-column-gap-default\">\n\t\t\t\t\t<div class=\"elementor-column elementor-col-100 elementor-top-column elementor-element elementor-element-629fd36\" data-id=\"629fd36\" data-element_type=\"column\">\n\t\t\t<div class=\"elementor-widget-wrap elementor-element-populated\">\n\t\t\t\t\t\t<div class=\"elementor-element elementor-element-d42184c elementor-widget elementor-widget-spacer\" data-id=\"d42184c\" data-element_type=\"widget\" data-widget_type=\"spacer.default\">\n\t\t\t\t<div class=\"elementor-widget-container\">\n\t\t\t\t\t\t\t<div class=\"elementor-spacer\">\n\t\t\t<div class=\"elementor-spacer-inner\"><\/div>\n\t\t<\/div>\n\t\t\t\t\t\t<\/div>\n\t\t\t\t<\/div>\n\t\t\t\t\t<\/div>\n\t\t<\/div>\n\t\t\t\t\t<\/div>\n\t\t<\/section>\n\t\t\t\t<section class=\"elementor-section elementor-top-section elementor-element elementor-element-7af1913 elementor-section-content-middle elementor-section-full_width elementor-section-height-min-height elementor-section-items-bottom elementor-section-height-default\" data-id=\"7af1913\" data-element_type=\"section\" data-settings=\"{&quot;background_background&quot;:&quot;classic&quot;}\">\n\t\t\t\t\t\t\t<div class=\"elementor-background-overlay\"><\/div>\n\t\t\t\t\t\t\t<div class=\"elementor-container elementor-column-gap-default\">\n\t\t\t\t\t<footer class=\"elementor-column elementor-col-100 elementor-top-column elementor-element elementor-element-6ed6cac\" data-id=\"6ed6cac\" data-element_type=\"column\" data-settings=\"{&quot;background_background&quot;:&quot;classic&quot;}\">\n\t\t\t<div class=\"elementor-widget-wrap elementor-element-populated\">\n\t\t\t\t\t\t<div class=\"elementor-element elementor-element-285c924 elementor-widget elementor-widget-heading\" data-id=\"285c924\" data-element_type=\"widget\" data-widget_type=\"heading.default\">\n\t\t\t\t<div class=\"elementor-widget-container\">\n\t\t\t\t\t<h1 class=\"elementor-heading-title elementor-size-default\">Dicas de Preparo<\/h1>\t\t\t\t<\/div>\n\t\t\t\t<\/div>\n\t\t\t\t\t<\/div>\n\t\t<\/footer>\n\t\t\t\t\t<\/div>\n\t\t<\/section>\n\t\t\t\t<section class=\"elementor-section elementor-top-section elementor-element elementor-element-7c3707c elementor-section-boxed elementor-section-height-default elementor-section-height-default\" data-id=\"7c3707c\" data-element_type=\"section\">\n\t\t\t\t\t\t<div class=\"elementor-container elementor-column-gap-default\">\n\t\t\t\t\t<div class=\"elementor-column elementor-col-100 elementor-top-column elementor-element elementor-element-38aa418\" data-id=\"38aa418\" data-element_type=\"column\">\n\t\t\t<div class=\"elementor-widget-wrap elementor-element-populated\">\n\t\t\t\t\t\t<div class=\"elementor-element elementor-element-5d8900d elementor-widget elementor-widget-image\" data-id=\"5d8900d\" data-element_type=\"widget\" data-widget_type=\"image.default\">\n\t\t\t\t<div class=\"elementor-widget-container\">\n\t\t\t\t\t\t\t\t\t\t\t\t\t\t\t<img decoding=\"async\" width=\"209\" height=\"90\" src=\"https:\/\/fastalimentos.com.br\/wp-content\/uploads\/2021\/03\/basil-leaf.png\" class=\"attachment-full size-full wp-image-4204\" alt=\"\" \/>\t\t\t\t\t\t\t\t\t\t\t\t\t\t\t<\/div>\n\t\t\t\t<\/div>\n\t\t\t\t\t<\/div>\n\t\t<\/div>\n\t\t\t\t\t<\/div>\n\t\t<\/section>\n\t\t\t\t<section class=\"elementor-section elementor-top-section elementor-element elementor-element-7d33ea6 elementor-section-boxed elementor-section-height-default elementor-section-height-default\" data-id=\"7d33ea6\" data-element_type=\"section\">\n\t\t\t\t\t\t<div class=\"elementor-container elementor-column-gap-default\">\n\t\t\t\t\t<div class=\"elementor-column elementor-col-50 elementor-top-column elementor-element elementor-element-827726c\" data-id=\"827726c\" data-element_type=\"column\">\n\t\t\t<div class=\"elementor-widget-wrap elementor-element-populated\">\n\t\t\t\t\t\t<div class=\"elementor-element elementor-element-173faf5 elementor-widget elementor-widget-image-box\" data-id=\"173faf5\" data-element_type=\"widget\" data-widget_type=\"image-box.default\">\n\t\t\t\t<div class=\"elementor-widget-container\">\n\t\t\t\t\t<div class=\"elementor-image-box-wrapper\"><div class=\"elementor-image-box-content\"><h2 class=\"elementor-image-box-title\">COMO PREPARAR SEUS DELICIOSOS PRODUTOS <\/h2><p class=\"elementor-image-box-description\">O melhor dos salgados da Fast e da Oryai \u00e9  o sabor, aliado \u00e0 praticidade. \nVai ter uma reuni\u00e3ozinha com os amigos, aquela maratona da sua  s\u00e9rie favorita ou mesmo est\u00e1 cansado ou cansada para preparar uma refei\u00e7\u00e3o? Para todas essas ocasi\u00f5es, os nossos salgadinhos s\u00e3o \u00f3timos! E melhor, facinho de fazer. \nIsso porque o nosso desejo \u00e9 descomplicar, para  que voc\u00ea possa curtir seus momentos de felicidade e descontra\u00e7\u00e3o.<\/p><\/div><\/div>\t\t\t\t<\/div>\n\t\t\t\t<\/div>\n\t\t\t\t\t<\/div>\n\t\t<\/div>\n\t\t\t\t<div class=\"elementor-column elementor-col-50 elementor-top-column elementor-element elementor-element-ce44ef3\" data-id=\"ce44ef3\" data-element_type=\"column\">\n\t\t\t<div class=\"elementor-widget-wrap elementor-element-populated\">\n\t\t\t\t\t\t<div class=\"elementor-element elementor-element-e235669 elementor-widget elementor-widget-image\" data-id=\"e235669\" data-element_type=\"widget\" data-widget_type=\"image.default\">\n\t\t\t\t<div class=\"elementor-widget-container\">\n\t\t\t\t\t\t\t\t\t\t\t\t\t\t\t<img fetchpriority=\"high\" decoding=\"async\" width=\"634\" height=\"543\" src=\"https:\/\/fastalimentos.com.br\/wp-content\/uploads\/2022\/08\/coxinha-banner.png\" class=\"attachment-large size-large wp-image-5349\" alt=\"\" srcset=\"https:\/\/fastalimentos.com.br\/wp-content\/uploads\/2022\/08\/coxinha-banner.png 634w, https:\/\/fastalimentos.com.br\/wp-content\/uploads\/2022\/08\/coxinha-banner-300x257.png 300w, https:\/\/fastalimentos.com.br\/wp-content\/uploads\/2022\/08\/coxinha-banner-600x514.png 600w\" sizes=\"(max-width: 634px) 100vw, 634px\" \/>\t\t\t\t\t\t\t\t\t\t\t\t\t\t\t<\/div>\n\t\t\t\t<\/div>\n\t\t\t\t\t<\/div>\n\t\t<\/div>\n\t\t\t\t\t<\/div>\n\t\t<\/section>\n\t\t\t\t<section class=\"elementor-section elementor-top-section elementor-element elementor-element-04d93a3 elementor-section-boxed elementor-section-height-default elementor-section-height-default\" data-id=\"04d93a3\" data-element_type=\"section\">\n\t\t\t\t\t\t<div class=\"elementor-container elementor-column-gap-default\">\n\t\t\t\t\t<div class=\"elementor-column elementor-col-100 elementor-top-column elementor-element elementor-element-88a7383\" data-id=\"88a7383\" data-element_type=\"column\">\n\t\t\t<div class=\"elementor-widget-wrap elementor-element-populated\">\n\t\t\t\t\t\t<div class=\"elementor-element elementor-element-7509adf elementor-widget elementor-widget-image-gallery\" data-id=\"7509adf\" data-element_type=\"widget\" data-widget_type=\"image-gallery.default\">\n\t\t\t\t<div class=\"elementor-widget-container\">\n\t\t\t\t\t\t\t<div class=\"elementor-image-gallery\">\n\t\t\t<div id='gallery-1' class='gallery galleryid-5413 gallery-columns-4 gallery-size-medium'><figure class='gallery-item'>\n\t\t\t<div class='gallery-icon landscape'>\n\t\t\t\t<a data-elementor-open-lightbox=\"yes\" data-elementor-lightbox-slideshow=\"7509adf\" data-elementor-lightbox-title=\"Design sem nome\" data-e-action-hash=\"#elementor-action%3Aaction%3Dlightbox%26settings%3DeyJpZCI6NTYwOCwidXJsIjoiaHR0cHM6XC9cL2Zhc3RhbGltZW50b3MuY29tLmJyXC93cC1jb250ZW50XC91cGxvYWRzXC8yMDIyXC8wOFwvRGVzaWduLXNlbS1ub21lLmpwZyIsInNsaWRlc2hvdyI6Ijc1MDlhZGYifQ%3D%3D\" href='https:\/\/fastalimentos.com.br\/wp-content\/uploads\/2022\/08\/Design-sem-nome.jpg'><img decoding=\"async\" width=\"300\" height=\"300\" src=\"https:\/\/fastalimentos.com.br\/wp-content\/uploads\/2022\/08\/Design-sem-nome-300x300.jpg\" class=\"attachment-medium size-medium\" alt=\"\" srcset=\"https:\/\/fastalimentos.com.br\/wp-content\/uploads\/2022\/08\/Design-sem-nome-300x300.jpg 300w, https:\/\/fastalimentos.com.br\/wp-content\/uploads\/2022\/08\/Design-sem-nome-150x150.jpg 150w, https:\/\/fastalimentos.com.br\/wp-content\/uploads\/2022\/08\/Design-sem-nome-100x100.jpg 100w, https:\/\/fastalimentos.com.br\/wp-content\/uploads\/2022\/08\/Design-sem-nome.jpg 500w\" sizes=\"(max-width: 300px) 100vw, 300px\" \/><\/a>\n\t\t\t<\/div><\/figure><figure class='gallery-item'>\n\t\t\t<div class='gallery-icon landscape'>\n\t\t\t\t<a data-elementor-open-lightbox=\"yes\" data-elementor-lightbox-slideshow=\"7509adf\" data-elementor-lightbox-title=\"15\" data-e-action-hash=\"#elementor-action%3Aaction%3Dlightbox%26settings%3DeyJpZCI6NTYwOSwidXJsIjoiaHR0cHM6XC9cL2Zhc3RhbGltZW50b3MuY29tLmJyXC93cC1jb250ZW50XC91cGxvYWRzXC8yMDIyXC8wOFwvMTUuanBnIiwic2xpZGVzaG93IjoiNzUwOWFkZiJ9\" href='https:\/\/fastalimentos.com.br\/wp-content\/uploads\/2022\/08\/15.jpg'><img loading=\"lazy\" decoding=\"async\" width=\"300\" height=\"300\" src=\"https:\/\/fastalimentos.com.br\/wp-content\/uploads\/2022\/08\/15-300x300.jpg\" class=\"attachment-medium size-medium\" alt=\"\" srcset=\"https:\/\/fastalimentos.com.br\/wp-content\/uploads\/2022\/08\/15-300x300.jpg 300w, https:\/\/fastalimentos.com.br\/wp-content\/uploads\/2022\/08\/15-150x150.jpg 150w, https:\/\/fastalimentos.com.br\/wp-content\/uploads\/2022\/08\/15-100x100.jpg 100w, https:\/\/fastalimentos.com.br\/wp-content\/uploads\/2022\/08\/15.jpg 500w\" sizes=\"(max-width: 300px) 100vw, 300px\" \/><\/a>\n\t\t\t<\/div><\/figure><figure class='gallery-item'>\n\t\t\t<div class='gallery-icon landscape'>\n\t\t\t\t<a data-elementor-open-lightbox=\"yes\" data-elementor-lightbox-slideshow=\"7509adf\" data-elementor-lightbox-title=\"16\" data-e-action-hash=\"#elementor-action%3Aaction%3Dlightbox%26settings%3DeyJpZCI6NTYxMCwidXJsIjoiaHR0cHM6XC9cL2Zhc3RhbGltZW50b3MuY29tLmJyXC93cC1jb250ZW50XC91cGxvYWRzXC8yMDIyXC8wOFwvMTYuanBnIiwic2xpZGVzaG93IjoiNzUwOWFkZiJ9\" href='https:\/\/fastalimentos.com.br\/wp-content\/uploads\/2022\/08\/16.jpg'><img loading=\"lazy\" decoding=\"async\" width=\"300\" height=\"300\" src=\"https:\/\/fastalimentos.com.br\/wp-content\/uploads\/2022\/08\/16-300x300.jpg\" class=\"attachment-medium size-medium\" alt=\"\" srcset=\"https:\/\/fastalimentos.com.br\/wp-content\/uploads\/2022\/08\/16-300x300.jpg 300w, https:\/\/fastalimentos.com.br\/wp-content\/uploads\/2022\/08\/16-150x150.jpg 150w, https:\/\/fastalimentos.com.br\/wp-content\/uploads\/2022\/08\/16-100x100.jpg 100w, https:\/\/fastalimentos.com.br\/wp-content\/uploads\/2022\/08\/16.jpg 500w\" sizes=\"(max-width: 300px) 100vw, 300px\" \/><\/a>\n\t\t\t<\/div><\/figure><figure class='gallery-item'>\n\t\t\t<div class='gallery-icon landscape'>\n\t\t\t\t<a data-elementor-open-lightbox=\"yes\" data-elementor-lightbox-slideshow=\"7509adf\" data-elementor-lightbox-title=\"17\" data-e-action-hash=\"#elementor-action%3Aaction%3Dlightbox%26settings%3DeyJpZCI6NTYxMSwidXJsIjoiaHR0cHM6XC9cL2Zhc3RhbGltZW50b3MuY29tLmJyXC93cC1jb250ZW50XC91cGxvYWRzXC8yMDIyXC8wOFwvMTcuanBnIiwic2xpZGVzaG93IjoiNzUwOWFkZiJ9\" href='https:\/\/fastalimentos.com.br\/wp-content\/uploads\/2022\/08\/17.jpg'><img loading=\"lazy\" decoding=\"async\" width=\"300\" height=\"300\" src=\"https:\/\/fastalimentos.com.br\/wp-content\/uploads\/2022\/08\/17-300x300.jpg\" class=\"attachment-medium size-medium\" alt=\"\" srcset=\"https:\/\/fastalimentos.com.br\/wp-content\/uploads\/2022\/08\/17-300x300.jpg 300w, https:\/\/fastalimentos.com.br\/wp-content\/uploads\/2022\/08\/17-150x150.jpg 150w, https:\/\/fastalimentos.com.br\/wp-content\/uploads\/2022\/08\/17-100x100.jpg 100w, https:\/\/fastalimentos.com.br\/wp-content\/uploads\/2022\/08\/17.jpg 500w\" sizes=\"(max-width: 300px) 100vw, 300px\" \/><\/a>\n\t\t\t<\/div><\/figure><figure class='gallery-item'>\n\t\t\t<div class='gallery-icon landscape'>\n\t\t\t\t<a data-elementor-open-lightbox=\"yes\" data-elementor-lightbox-slideshow=\"7509adf\" data-elementor-lightbox-title=\"18\" data-e-action-hash=\"#elementor-action%3Aaction%3Dlightbox%26settings%3DeyJpZCI6NTYxMiwidXJsIjoiaHR0cHM6XC9cL2Zhc3RhbGltZW50b3MuY29tLmJyXC93cC1jb250ZW50XC91cGxvYWRzXC8yMDIyXC8wOFwvMTguanBnIiwic2xpZGVzaG93IjoiNzUwOWFkZiJ9\" href='https:\/\/fastalimentos.com.br\/wp-content\/uploads\/2022\/08\/18.jpg'><img loading=\"lazy\" decoding=\"async\" width=\"300\" height=\"300\" src=\"https:\/\/fastalimentos.com.br\/wp-content\/uploads\/2022\/08\/18-300x300.jpg\" class=\"attachment-medium size-medium\" alt=\"\" srcset=\"https:\/\/fastalimentos.com.br\/wp-content\/uploads\/2022\/08\/18-300x300.jpg 300w, https:\/\/fastalimentos.com.br\/wp-content\/uploads\/2022\/08\/18-150x150.jpg 150w, https:\/\/fastalimentos.com.br\/wp-content\/uploads\/2022\/08\/18-100x100.jpg 100w, https:\/\/fastalimentos.com.br\/wp-content\/uploads\/2022\/08\/18.jpg 500w\" sizes=\"(max-width: 300px) 100vw, 300px\" \/><\/a>\n\t\t\t<\/div><\/figure><figure class='gallery-item'>\n\t\t\t<div class='gallery-icon landscape'>\n\t\t\t\t<a data-elementor-open-lightbox=\"yes\" data-elementor-lightbox-slideshow=\"7509adf\" data-elementor-lightbox-title=\"19\" data-e-action-hash=\"#elementor-action%3Aaction%3Dlightbox%26settings%3DeyJpZCI6NTYxMywidXJsIjoiaHR0cHM6XC9cL2Zhc3RhbGltZW50b3MuY29tLmJyXC93cC1jb250ZW50XC91cGxvYWRzXC8yMDIyXC8wOFwvMTkuanBnIiwic2xpZGVzaG93IjoiNzUwOWFkZiJ9\" href='https:\/\/fastalimentos.com.br\/wp-content\/uploads\/2022\/08\/19.jpg'><img loading=\"lazy\" decoding=\"async\" width=\"300\" height=\"300\" src=\"https:\/\/fastalimentos.com.br\/wp-content\/uploads\/2022\/08\/19-300x300.jpg\" class=\"attachment-medium size-medium\" alt=\"\" srcset=\"https:\/\/fastalimentos.com.br\/wp-content\/uploads\/2022\/08\/19-300x300.jpg 300w, https:\/\/fastalimentos.com.br\/wp-content\/uploads\/2022\/08\/19-150x150.jpg 150w, https:\/\/fastalimentos.com.br\/wp-content\/uploads\/2022\/08\/19-100x100.jpg 100w, https:\/\/fastalimentos.com.br\/wp-content\/uploads\/2022\/08\/19.jpg 500w\" sizes=\"(max-width: 300px) 100vw, 300px\" \/><\/a>\n\t\t\t<\/div><\/figure><figure class='gallery-item'>\n\t\t\t<div class='gallery-icon landscape'>\n\t\t\t\t<a data-elementor-open-lightbox=\"yes\" data-elementor-lightbox-slideshow=\"7509adf\" data-elementor-lightbox-title=\"20\" data-e-action-hash=\"#elementor-action%3Aaction%3Dlightbox%26settings%3DeyJpZCI6NTYxNCwidXJsIjoiaHR0cHM6XC9cL2Zhc3RhbGltZW50b3MuY29tLmJyXC93cC1jb250ZW50XC91cGxvYWRzXC8yMDIyXC8wOFwvMjAuanBnIiwic2xpZGVzaG93IjoiNzUwOWFkZiJ9\" href='https:\/\/fastalimentos.com.br\/wp-content\/uploads\/2022\/08\/20.jpg'><img loading=\"lazy\" decoding=\"async\" width=\"300\" height=\"300\" src=\"https:\/\/fastalimentos.com.br\/wp-content\/uploads\/2022\/08\/20-300x300.jpg\" class=\"attachment-medium size-medium\" alt=\"\" srcset=\"https:\/\/fastalimentos.com.br\/wp-content\/uploads\/2022\/08\/20-300x300.jpg 300w, https:\/\/fastalimentos.com.br\/wp-content\/uploads\/2022\/08\/20-150x150.jpg 150w, https:\/\/fastalimentos.com.br\/wp-content\/uploads\/2022\/08\/20-100x100.jpg 100w, https:\/\/fastalimentos.com.br\/wp-content\/uploads\/2022\/08\/20.jpg 500w\" sizes=\"(max-width: 300px) 100vw, 300px\" \/><\/a>\n\t\t\t<\/div><\/figure>\n\t\t<\/div>\n\t\t<\/div>\n\t\t\t\t\t\t<\/div>\n\t\t\t\t<\/div>\n\t\t\t\t<section class=\"elementor-section elementor-inner-section elementor-element elementor-element-84dc221 elementor-section-boxed elementor-section-height-default elementor-section-height-default\" data-id=\"84dc221\" data-element_type=\"section\">\n\t\t\t\t\t\t<div class=\"elementor-container elementor-column-gap-default\">\n\t\t\t\t\t<div class=\"elementor-column elementor-col-50 elementor-inner-column elementor-element elementor-element-46a8eee\" data-id=\"46a8eee\" data-element_type=\"column\">\n\t\t\t<div class=\"elementor-widget-wrap elementor-element-populated\">\n\t\t\t\t\t\t<div class=\"elementor-element elementor-element-5eebea3 elementor-widget elementor-widget-heading\" data-id=\"5eebea3\" data-element_type=\"widget\" data-widget_type=\"heading.default\">\n\t\t\t\t<div class=\"elementor-widget-container\">\n\t\t\t\t\t<h2 class=\"elementor-heading-title elementor-size-default\">No Forno<\/h2>\t\t\t\t<\/div>\n\t\t\t\t<\/div>\n\t\t\t\t<div class=\"elementor-element elementor-element-0fa0009 elementor-widget elementor-widget-text-editor\" data-id=\"0fa0009\" data-element_type=\"widget\" data-widget_type=\"text-editor.default\">\n\t\t\t\t<div class=\"elementor-widget-container\">\n\t\t\t\t\t\t\t\t\t<p>Retire o produto do freezer 30 minutos antes do preparo. Preaque\u00e7a o forno a 180 C. Coloque os salgados em uma assadeira e leve ao fogo para aquecer de 15 a 30 minutos. <br \/>Acompanhe. Os salgados estar\u00e3o prontos quando estiverem dourados.<\/p>\t\t\t\t\t\t\t\t<\/div>\n\t\t\t\t<\/div>\n\t\t\t\t\t<\/div>\n\t\t<\/div>\n\t\t\t\t<div class=\"elementor-column elementor-col-50 elementor-inner-column elementor-element elementor-element-03eb778\" data-id=\"03eb778\" data-element_type=\"column\">\n\t\t\t<div class=\"elementor-widget-wrap elementor-element-populated\">\n\t\t\t\t\t\t<div class=\"elementor-element elementor-element-92a1960 elementor-widget elementor-widget-heading\" data-id=\"92a1960\" data-element_type=\"widget\" data-widget_type=\"heading.default\">\n\t\t\t\t<div class=\"elementor-widget-container\">\n\t\t\t\t\t<h2 class=\"elementor-heading-title elementor-size-default\">Preparo na Air Fryer<\/h2>\t\t\t\t<\/div>\n\t\t\t\t<\/div>\n\t\t\t\t<div class=\"elementor-element elementor-element-b522608 elementor-widget elementor-widget-text-editor\" data-id=\"b522608\" data-element_type=\"widget\" data-widget_type=\"text-editor.default\">\n\t\t\t\t<div class=\"elementor-widget-container\">\n\t\t\t\t\t\t\t\t\t<p>Na hora de fritar retire os salgados do freezer e coloque direto na cesta da Air Fryer, que dever\u00e1 estar j\u00e1 pr\u00e9-aquecida por 5 minutos. <br \/>Programe a AirFryer por 15 minutos \u00e0 200\u00ba. Abra a cesta a cada 5 minutos para acompanhar o processo. <br \/>D\u00ea uma olhada e mexa nos salgadinhos para finalizar.<br \/>Ao final, salgados estar\u00e3o prontos, dourados e deliciosamente saborosos.<\/p>\t\t\t\t\t\t\t\t<\/div>\n\t\t\t\t<\/div>\n\t\t\t\t\t<\/div>\n\t\t<\/div>\n\t\t\t\t\t<\/div>\n\t\t<\/section>\n\t\t\t\t\t<\/div>\n\t\t<\/div>\n\t\t\t\t\t<\/div>\n\t\t<\/section>\n\t\t\t\t<\/div>\n\t\t","protected":false},"excerpt":{"rendered":"<p>Dicas de Preparo COMO PREPARAR SEUS DELICIOSOS PRODUTOS O melhor dos salgados da Fast e da Oryai \u00e9 o sabor, aliado \u00e0 praticidade. Vai ter uma reuni\u00e3ozinha com os amigos, aquela maratona da sua s\u00e9rie favorita ou mesmo est\u00e1 cansado ou cansada para preparar uma refei\u00e7\u00e3o? Para todas essas ocasi\u00f5es, os nossos salgadinhos s\u00e3o \u00f3timos! [&hellip;]<\/p>\n","protected":false},"author":1,"featured_media":0,"parent":0,"menu_order":0,"comment_status":"closed","ping_status":"closed","template":"","meta":{"site-sidebar-layout":"no-sidebar","site-content-layout":"page-builder","ast-site-content-layout":"default","site-content-style":"default","site-sidebar-style":"default","ast-global-header-display":"","ast-banner-title-visibility":"","ast-main-header-display":"","ast-hfb-above-header-display":"","ast-hfb-below-header-display":"","ast-hfb-mobile-header-display":"","site-post-title":"disabled","ast-breadcrumbs-content":"","ast-featured-img":"disabled","footer-sml-layout":"","ast-disable-related-posts":"","theme-transparent-header-meta":"enabled","adv-header-id-meta":"","stick-header-meta":"","header-above-stick-meta":"","header-main-stick-meta":"","header-below-stick-meta":"","astra-migrate-meta-layouts":"default","ast-page-background-enabled":"default","ast-page-background-meta":{"desktop":{"background-color":"","background-image":"","background-repeat":"repeat","background-position":"center center","background-size":"auto","background-attachment":"scroll","background-type":"","background-media":"","overlay-type":"","overlay-color":"","overlay-opacity":"","overlay-gradient":""},"tablet":{"background-color":"","background-image":"","background-repeat":"repeat","background-position":"center center","background-size":"auto","background-attachment":"scroll","background-type":"","background-media":"","overlay-type":"","overlay-color":"","overlay-opacity":"","overlay-gradient":""},"mobile":{"background-color":"","background-image":"","background-repeat":"repeat","background-position":"center center","background-size":"auto","background-attachment":"scroll","background-type":"","background-media":"","overlay-type":"","overlay-color":"","overlay-opacity":"","overlay-gradient":""}},"ast-content-background-meta":{"desktop":{"background-color":"var(--ast-global-color-5)","background-image":"","background-repeat":"repeat","background-position":"center center","background-size":"auto","background-attachment":"scroll","background-type":"","background-media":"","overlay-type":"","overlay-color":"","overlay-opacity":"","overlay-gradient":""},"tablet":{"background-color":"var(--ast-global-color-5)","background-image":"","background-repeat":"repeat","background-position":"center center","background-size":"auto","background-attachment":"scroll","background-type":"","background-media":"","overlay-type":"","overlay-color":"","overlay-opacity":"","overlay-gradient":""},"mobile":{"background-color":"var(--ast-global-color-5)","background-image":"","background-repeat":"repeat","background-position":"center center","background-size":"auto","background-attachment":"scroll","background-type":"","background-media":"","overlay-type":"","overlay-color":"","overlay-opacity":"","overlay-gradient":""}},"footnotes":""},"class_list":["post-5413","page","type-page","status-publish","hentry"],"_links":{"self":[{"href":"https:\/\/fastalimentos.com.br\/index.php\/wp-json\/wp\/v2\/pages\/5413","targetHints":{"allow":["GET"]}}],"collection":[{"href":"https:\/\/fastalimentos.com.br\/index.php\/wp-json\/wp\/v2\/pages"}],"about":[{"href":"https:\/\/fastalimentos.com.br\/index.php\/wp-json\/wp\/v2\/types\/page"}],"author":[{"embeddable":true,"href":"https:\/\/fastalimentos.com.br\/index.php\/wp-json\/wp\/v2\/users\/1"}],"replies":[{"embeddable":true,"href":"https:\/\/fastalimentos.com.br\/index.php\/wp-json\/wp\/v2\/comments?post=5413"}],"version-history":[{"count":43,"href":"https:\/\/fastalimentos.com.br\/index.php\/wp-json\/wp\/v2\/pages\/5413\/revisions"}],"predecessor-version":[{"id":5914,"href":"https:\/\/fastalimentos.com.br\/index.php\/wp-json\/wp\/v2\/pages\/5413\/revisions\/5914"}],"wp:attachment":[{"href":"https:\/\/fastalimentos.com.br\/index.php\/wp-json\/wp\/v2\/media?parent=5413"}],"curies":[{"name":"wp","href":"https:\/\/api.w.org\/{rel}","templated":true}]}}