{"id":5450,"date":"2018-06-18T06:57:57","date_gmt":"2018-06-18T06:57:57","guid":{"rendered":"https:\/\/fastalimentos.com.br\/?page_id=5450"},"modified":"2022-08-23T23:39:11","modified_gmt":"2022-08-23T23:39:11","slug":"dicas-de-consumo","status":"publish","type":"page","link":"https:\/\/fastalimentos.com.br\/index.php\/dicas-de-consumo\/","title":{"rendered":"Dicas de consumo"},"content":{"rendered":"\t\t<div data-elementor-type=\"wp-post\" data-elementor-id=\"5450\" class=\"elementor elementor-5450\" data-elementor-post-type=\"page\">\n\t\t\t\t\t\t<section class=\"elementor-section elementor-top-section elementor-element elementor-element-27f4e44 elementor-hidden-mobile elementor-section-boxed elementor-section-height-default elementor-section-height-default\" data-id=\"27f4e44\" data-element_type=\"section\">\n\t\t\t\t\t\t<div class=\"elementor-container elementor-column-gap-default\">\n\t\t\t\t\t<div class=\"elementor-column elementor-col-100 elementor-top-column elementor-element elementor-element-b28bfac\" data-id=\"b28bfac\" data-element_type=\"column\">\n\t\t\t<div class=\"elementor-widget-wrap elementor-element-populated\">\n\t\t\t\t\t\t<div class=\"elementor-element elementor-element-9233e36 elementor-widget elementor-widget-spacer\" data-id=\"9233e36\" data-element_type=\"widget\" data-widget_type=\"spacer.default\">\n\t\t\t\t<div class=\"elementor-widget-container\">\n\t\t\t\t\t\t\t<div class=\"elementor-spacer\">\n\t\t\t<div class=\"elementor-spacer-inner\"><\/div>\n\t\t<\/div>\n\t\t\t\t\t\t<\/div>\n\t\t\t\t<\/div>\n\t\t\t\t\t<\/div>\n\t\t<\/div>\n\t\t\t\t\t<\/div>\n\t\t<\/section>\n\t\t\t\t<section class=\"elementor-section elementor-top-section elementor-element elementor-element-7af1913 elementor-section-content-middle elementor-section-full_width elementor-section-height-default elementor-section-height-default\" data-id=\"7af1913\" data-element_type=\"section\" data-settings=\"{&quot;background_background&quot;:&quot;classic&quot;}\">\n\t\t\t\t\t\t\t<div class=\"elementor-background-overlay\"><\/div>\n\t\t\t\t\t\t\t<div class=\"elementor-container elementor-column-gap-default\">\n\t\t\t\t\t<div class=\"elementor-column elementor-col-100 elementor-top-column elementor-element elementor-element-6ed6cac\" data-id=\"6ed6cac\" data-element_type=\"column\" data-settings=\"{&quot;background_background&quot;:&quot;classic&quot;}\">\n\t\t\t<div class=\"elementor-widget-wrap elementor-element-populated\">\n\t\t\t\t\t\t<div class=\"elementor-element elementor-element-285c924 elementor-widget elementor-widget-heading\" data-id=\"285c924\" data-element_type=\"widget\" data-widget_type=\"heading.default\">\n\t\t\t\t<div class=\"elementor-widget-container\">\n\t\t\t\t\t<h1 class=\"elementor-heading-title elementor-size-default\">Dicas de Consumo<\/h1>\t\t\t\t<\/div>\n\t\t\t\t<\/div>\n\t\t\t\t\t<\/div>\n\t\t<\/div>\n\t\t\t\t\t<\/div>\n\t\t<\/section>\n\t\t\t\t<section class=\"elementor-section elementor-top-section elementor-element elementor-element-7c3707c elementor-section-boxed elementor-section-height-default elementor-section-height-default\" data-id=\"7c3707c\" data-element_type=\"section\">\n\t\t\t\t\t\t<div class=\"elementor-container elementor-column-gap-default\">\n\t\t\t\t\t<div class=\"elementor-column elementor-col-100 elementor-top-column elementor-element elementor-element-38aa418\" data-id=\"38aa418\" data-element_type=\"column\">\n\t\t\t<div class=\"elementor-widget-wrap elementor-element-populated\">\n\t\t\t\t\t\t<div class=\"elementor-element elementor-element-5d8900d elementor-widget elementor-widget-image\" data-id=\"5d8900d\" data-element_type=\"widget\" data-widget_type=\"image.default\">\n\t\t\t\t<div class=\"elementor-widget-container\">\n\t\t\t\t\t\t\t\t\t\t\t\t\t\t\t<img decoding=\"async\" width=\"209\" height=\"90\" src=\"https:\/\/fastalimentos.com.br\/wp-content\/uploads\/2021\/03\/basil-leaf.png\" class=\"attachment-full size-full wp-image-4204\" alt=\"\" \/>\t\t\t\t\t\t\t\t\t\t\t\t\t\t\t<\/div>\n\t\t\t\t<\/div>\n\t\t\t\t\t<\/div>\n\t\t<\/div>\n\t\t\t\t\t<\/div>\n\t\t<\/section>\n\t\t\t\t<section class=\"elementor-section elementor-top-section elementor-element elementor-element-7d33ea6 elementor-section-boxed elementor-section-height-default elementor-section-height-default\" data-id=\"7d33ea6\" data-element_type=\"section\">\n\t\t\t\t\t\t<div class=\"elementor-container elementor-column-gap-default\">\n\t\t\t\t\t<div class=\"elementor-column elementor-col-50 elementor-top-column elementor-element elementor-element-827726c\" data-id=\"827726c\" data-element_type=\"column\">\n\t\t\t<div class=\"elementor-widget-wrap elementor-element-populated\">\n\t\t\t\t\t\t<div class=\"elementor-element elementor-element-173faf5 elementor-widget elementor-widget-image-box\" data-id=\"173faf5\" data-element_type=\"widget\" data-widget_type=\"image-box.default\">\n\t\t\t\t<div class=\"elementor-widget-container\">\n\t\t\t\t\t<div class=\"elementor-image-box-wrapper\"><div class=\"elementor-image-box-content\"><h2 class=\"elementor-image-box-title\">Aqui voc\u00ea encontra excelentes op\u00e7\u00f5es para consumir nossos produtos<\/h2><p class=\"elementor-image-box-description\">Com os salgadinhos da Oryai, todo lanche vira uma festa!\nOs nossos salgadinhos j\u00e1 s\u00e3o gostosos por si s\u00f3, mas a gente acha que tudo sempre pode ficar mais saboroso e divertido. \nPor isso, use sua imagina\u00e7\u00e3o! \nNossos salgadinhos ficam deliciosos com molhos agridoces, apimentados ou com uma pitada de lim\u00e3o. \nUse sua imagina\u00e7\u00e3o para compor belos pratos, que v\u00e3o ficar bonitos de ver e super gostosos:  salgadinhos com folhas de alface, hortel\u00e3 e outras ervas. Tomates cerejas tamb\u00e9m d\u00e3o um toque de beleza e sabor. \nDe verdade mesmo, d\u00e1 para fazer combina\u00e7\u00f5es de sabor que surpreendem e o cr\u00e9dito ser\u00e1 todo seu!<\/p><\/div><\/div>\t\t\t\t<\/div>\n\t\t\t\t<\/div>\n\t\t\t\t\t<\/div>\n\t\t<\/div>\n\t\t\t\t<div class=\"elementor-column elementor-col-50 elementor-top-column elementor-element elementor-element-ce44ef3\" data-id=\"ce44ef3\" data-element_type=\"column\">\n\t\t\t<div class=\"elementor-widget-wrap elementor-element-populated\">\n\t\t\t\t\t\t<div class=\"elementor-element elementor-element-e235669 elementor-widget elementor-widget-image\" data-id=\"e235669\" data-element_type=\"widget\" data-widget_type=\"image.default\">\n\t\t\t\t<div class=\"elementor-widget-container\">\n\t\t\t\t\t\t\t\t\t\t\t\t\t\t\t<img fetchpriority=\"high\" decoding=\"async\" width=\"500\" height=\"500\" src=\"https:\/\/fastalimentos.com.br\/wp-content\/uploads\/2022\/08\/17.jpg\" class=\"attachment-large size-large wp-image-5611\" alt=\"\" srcset=\"https:\/\/fastalimentos.com.br\/wp-content\/uploads\/2022\/08\/17.jpg 500w, https:\/\/fastalimentos.com.br\/wp-content\/uploads\/2022\/08\/17-300x300.jpg 300w, https:\/\/fastalimentos.com.br\/wp-content\/uploads\/2022\/08\/17-150x150.jpg 150w, https:\/\/fastalimentos.com.br\/wp-content\/uploads\/2022\/08\/17-100x100.jpg 100w\" sizes=\"(max-width: 500px) 100vw, 500px\" \/>\t\t\t\t\t\t\t\t\t\t\t\t\t\t\t<\/div>\n\t\t\t\t<\/div>\n\t\t\t\t\t<\/div>\n\t\t<\/div>\n\t\t\t\t\t<\/div>\n\t\t<\/section>\n\t\t\t\t<section class=\"elementor-section elementor-top-section elementor-element elementor-element-dff80b4 elementor-section-boxed elementor-section-height-default elementor-section-height-default\" data-id=\"dff80b4\" data-element_type=\"section\">\n\t\t\t\t\t\t<div class=\"elementor-container elementor-column-gap-default\">\n\t\t\t\t\t<div class=\"elementor-column elementor-col-100 elementor-top-column elementor-element elementor-element-bed71c3\" data-id=\"bed71c3\" data-element_type=\"column\">\n\t\t\t<div class=\"elementor-widget-wrap elementor-element-populated\">\n\t\t\t\t\t\t<div class=\"elementor-element elementor-element-690f1c1 elementor-widget elementor-widget-image-gallery\" data-id=\"690f1c1\" data-element_type=\"widget\" data-widget_type=\"image-gallery.default\">\n\t\t\t\t<div class=\"elementor-widget-container\">\n\t\t\t\t\t\t\t<div class=\"elementor-image-gallery\">\n\t\t\t<div id='gallery-1' class='gallery galleryid-5450 gallery-columns-4 gallery-size-medium'><figure class='gallery-item'>\n\t\t\t<div class='gallery-icon landscape'>\n\t\t\t\t<a data-elementor-open-lightbox=\"yes\" data-elementor-lightbox-slideshow=\"690f1c1\" data-elementor-lightbox-title=\"Design sem nome\" data-e-action-hash=\"#elementor-action%3Aaction%3Dlightbox%26settings%3DeyJpZCI6NTYwOCwidXJsIjoiaHR0cHM6XC9cL2Zhc3RhbGltZW50b3MuY29tLmJyXC93cC1jb250ZW50XC91cGxvYWRzXC8yMDIyXC8wOFwvRGVzaWduLXNlbS1ub21lLmpwZyIsInNsaWRlc2hvdyI6IjY5MGYxYzEifQ%3D%3D\" href='https:\/\/fastalimentos.com.br\/wp-content\/uploads\/2022\/08\/Design-sem-nome.jpg'><img decoding=\"async\" width=\"300\" height=\"300\" src=\"https:\/\/fastalimentos.com.br\/wp-content\/uploads\/2022\/08\/Design-sem-nome-300x300.jpg\" class=\"attachment-medium size-medium\" alt=\"\" srcset=\"https:\/\/fastalimentos.com.br\/wp-content\/uploads\/2022\/08\/Design-sem-nome-300x300.jpg 300w, https:\/\/fastalimentos.com.br\/wp-content\/uploads\/2022\/08\/Design-sem-nome-150x150.jpg 150w, https:\/\/fastalimentos.com.br\/wp-content\/uploads\/2022\/08\/Design-sem-nome-100x100.jpg 100w, https:\/\/fastalimentos.com.br\/wp-content\/uploads\/2022\/08\/Design-sem-nome.jpg 500w\" sizes=\"(max-width: 300px) 100vw, 300px\" \/><\/a>\n\t\t\t<\/div><\/figure><figure class='gallery-item'>\n\t\t\t<div class='gallery-icon landscape'>\n\t\t\t\t<a data-elementor-open-lightbox=\"yes\" data-elementor-lightbox-slideshow=\"690f1c1\" data-elementor-lightbox-title=\"15\" data-e-action-hash=\"#elementor-action%3Aaction%3Dlightbox%26settings%3DeyJpZCI6NTYwOSwidXJsIjoiaHR0cHM6XC9cL2Zhc3RhbGltZW50b3MuY29tLmJyXC93cC1jb250ZW50XC91cGxvYWRzXC8yMDIyXC8wOFwvMTUuanBnIiwic2xpZGVzaG93IjoiNjkwZjFjMSJ9\" href='https:\/\/fastalimentos.com.br\/wp-content\/uploads\/2022\/08\/15.jpg'><img loading=\"lazy\" decoding=\"async\" width=\"300\" height=\"300\" src=\"https:\/\/fastalimentos.com.br\/wp-content\/uploads\/2022\/08\/15-300x300.jpg\" class=\"attachment-medium size-medium\" alt=\"\" srcset=\"https:\/\/fastalimentos.com.br\/wp-content\/uploads\/2022\/08\/15-300x300.jpg 300w, https:\/\/fastalimentos.com.br\/wp-content\/uploads\/2022\/08\/15-150x150.jpg 150w, https:\/\/fastalimentos.com.br\/wp-content\/uploads\/2022\/08\/15-100x100.jpg 100w, https:\/\/fastalimentos.com.br\/wp-content\/uploads\/2022\/08\/15.jpg 500w\" sizes=\"(max-width: 300px) 100vw, 300px\" \/><\/a>\n\t\t\t<\/div><\/figure><figure class='gallery-item'>\n\t\t\t<div class='gallery-icon landscape'>\n\t\t\t\t<a data-elementor-open-lightbox=\"yes\" data-elementor-lightbox-slideshow=\"690f1c1\" data-elementor-lightbox-title=\"16\" data-e-action-hash=\"#elementor-action%3Aaction%3Dlightbox%26settings%3DeyJpZCI6NTYxMCwidXJsIjoiaHR0cHM6XC9cL2Zhc3RhbGltZW50b3MuY29tLmJyXC93cC1jb250ZW50XC91cGxvYWRzXC8yMDIyXC8wOFwvMTYuanBnIiwic2xpZGVzaG93IjoiNjkwZjFjMSJ9\" href='https:\/\/fastalimentos.com.br\/wp-content\/uploads\/2022\/08\/16.jpg'><img loading=\"lazy\" decoding=\"async\" width=\"300\" height=\"300\" src=\"https:\/\/fastalimentos.com.br\/wp-content\/uploads\/2022\/08\/16-300x300.jpg\" class=\"attachment-medium size-medium\" alt=\"\" srcset=\"https:\/\/fastalimentos.com.br\/wp-content\/uploads\/2022\/08\/16-300x300.jpg 300w, https:\/\/fastalimentos.com.br\/wp-content\/uploads\/2022\/08\/16-150x150.jpg 150w, https:\/\/fastalimentos.com.br\/wp-content\/uploads\/2022\/08\/16-100x100.jpg 100w, https:\/\/fastalimentos.com.br\/wp-content\/uploads\/2022\/08\/16.jpg 500w\" sizes=\"(max-width: 300px) 100vw, 300px\" \/><\/a>\n\t\t\t<\/div><\/figure><figure class='gallery-item'>\n\t\t\t<div class='gallery-icon landscape'>\n\t\t\t\t<a data-elementor-open-lightbox=\"yes\" data-elementor-lightbox-slideshow=\"690f1c1\" data-elementor-lightbox-title=\"17\" data-e-action-hash=\"#elementor-action%3Aaction%3Dlightbox%26settings%3DeyJpZCI6NTYxMSwidXJsIjoiaHR0cHM6XC9cL2Zhc3RhbGltZW50b3MuY29tLmJyXC93cC1jb250ZW50XC91cGxvYWRzXC8yMDIyXC8wOFwvMTcuanBnIiwic2xpZGVzaG93IjoiNjkwZjFjMSJ9\" href='https:\/\/fastalimentos.com.br\/wp-content\/uploads\/2022\/08\/17.jpg'><img loading=\"lazy\" decoding=\"async\" width=\"300\" height=\"300\" src=\"https:\/\/fastalimentos.com.br\/wp-content\/uploads\/2022\/08\/17-300x300.jpg\" class=\"attachment-medium size-medium\" alt=\"\" srcset=\"https:\/\/fastalimentos.com.br\/wp-content\/uploads\/2022\/08\/17-300x300.jpg 300w, https:\/\/fastalimentos.com.br\/wp-content\/uploads\/2022\/08\/17-150x150.jpg 150w, https:\/\/fastalimentos.com.br\/wp-content\/uploads\/2022\/08\/17-100x100.jpg 100w, https:\/\/fastalimentos.com.br\/wp-content\/uploads\/2022\/08\/17.jpg 500w\" sizes=\"(max-width: 300px) 100vw, 300px\" \/><\/a>\n\t\t\t<\/div><\/figure><figure class='gallery-item'>\n\t\t\t<div class='gallery-icon landscape'>\n\t\t\t\t<a data-elementor-open-lightbox=\"yes\" data-elementor-lightbox-slideshow=\"690f1c1\" data-elementor-lightbox-title=\"18\" data-e-action-hash=\"#elementor-action%3Aaction%3Dlightbox%26settings%3DeyJpZCI6NTYxMiwidXJsIjoiaHR0cHM6XC9cL2Zhc3RhbGltZW50b3MuY29tLmJyXC93cC1jb250ZW50XC91cGxvYWRzXC8yMDIyXC8wOFwvMTguanBnIiwic2xpZGVzaG93IjoiNjkwZjFjMSJ9\" href='https:\/\/fastalimentos.com.br\/wp-content\/uploads\/2022\/08\/18.jpg'><img loading=\"lazy\" decoding=\"async\" width=\"300\" height=\"300\" src=\"https:\/\/fastalimentos.com.br\/wp-content\/uploads\/2022\/08\/18-300x300.jpg\" class=\"attachment-medium size-medium\" alt=\"\" srcset=\"https:\/\/fastalimentos.com.br\/wp-content\/uploads\/2022\/08\/18-300x300.jpg 300w, https:\/\/fastalimentos.com.br\/wp-content\/uploads\/2022\/08\/18-150x150.jpg 150w, https:\/\/fastalimentos.com.br\/wp-content\/uploads\/2022\/08\/18-100x100.jpg 100w, https:\/\/fastalimentos.com.br\/wp-content\/uploads\/2022\/08\/18.jpg 500w\" sizes=\"(max-width: 300px) 100vw, 300px\" \/><\/a>\n\t\t\t<\/div><\/figure><figure class='gallery-item'>\n\t\t\t<div class='gallery-icon landscape'>\n\t\t\t\t<a data-elementor-open-lightbox=\"yes\" data-elementor-lightbox-slideshow=\"690f1c1\" data-elementor-lightbox-title=\"19\" data-e-action-hash=\"#elementor-action%3Aaction%3Dlightbox%26settings%3DeyJpZCI6NTYxMywidXJsIjoiaHR0cHM6XC9cL2Zhc3RhbGltZW50b3MuY29tLmJyXC93cC1jb250ZW50XC91cGxvYWRzXC8yMDIyXC8wOFwvMTkuanBnIiwic2xpZGVzaG93IjoiNjkwZjFjMSJ9\" href='https:\/\/fastalimentos.com.br\/wp-content\/uploads\/2022\/08\/19.jpg'><img loading=\"lazy\" decoding=\"async\" width=\"300\" height=\"300\" src=\"https:\/\/fastalimentos.com.br\/wp-content\/uploads\/2022\/08\/19-300x300.jpg\" class=\"attachment-medium size-medium\" alt=\"\" srcset=\"https:\/\/fastalimentos.com.br\/wp-content\/uploads\/2022\/08\/19-300x300.jpg 300w, https:\/\/fastalimentos.com.br\/wp-content\/uploads\/2022\/08\/19-150x150.jpg 150w, https:\/\/fastalimentos.com.br\/wp-content\/uploads\/2022\/08\/19-100x100.jpg 100w, https:\/\/fastalimentos.com.br\/wp-content\/uploads\/2022\/08\/19.jpg 500w\" sizes=\"(max-width: 300px) 100vw, 300px\" \/><\/a>\n\t\t\t<\/div><\/figure><figure class='gallery-item'>\n\t\t\t<div class='gallery-icon landscape'>\n\t\t\t\t<a data-elementor-open-lightbox=\"yes\" data-elementor-lightbox-slideshow=\"690f1c1\" data-elementor-lightbox-title=\"20\" data-e-action-hash=\"#elementor-action%3Aaction%3Dlightbox%26settings%3DeyJpZCI6NTYxNCwidXJsIjoiaHR0cHM6XC9cL2Zhc3RhbGltZW50b3MuY29tLmJyXC93cC1jb250ZW50XC91cGxvYWRzXC8yMDIyXC8wOFwvMjAuanBnIiwic2xpZGVzaG93IjoiNjkwZjFjMSJ9\" href='https:\/\/fastalimentos.com.br\/wp-content\/uploads\/2022\/08\/20.jpg'><img loading=\"lazy\" decoding=\"async\" width=\"300\" height=\"300\" src=\"https:\/\/fastalimentos.com.br\/wp-content\/uploads\/2022\/08\/20-300x300.jpg\" class=\"attachment-medium size-medium\" alt=\"\" srcset=\"https:\/\/fastalimentos.com.br\/wp-content\/uploads\/2022\/08\/20-300x300.jpg 300w, https:\/\/fastalimentos.com.br\/wp-content\/uploads\/2022\/08\/20-150x150.jpg 150w, https:\/\/fastalimentos.com.br\/wp-content\/uploads\/2022\/08\/20-100x100.jpg 100w, https:\/\/fastalimentos.com.br\/wp-content\/uploads\/2022\/08\/20.jpg 500w\" sizes=\"(max-width: 300px) 100vw, 300px\" \/><\/a>\n\t\t\t<\/div><\/figure>\n\t\t<\/div>\n\t\t<\/div>\n\t\t\t\t\t\t<\/div>\n\t\t\t\t<\/div>\n\t\t\t\t\t<\/div>\n\t\t<\/div>\n\t\t\t\t\t<\/div>\n\t\t<\/section>\n\t\t\t\t<\/div>\n\t\t","protected":false},"excerpt":{"rendered":"<p>Dicas de Consumo Aqui voc\u00ea encontra excelentes op\u00e7\u00f5es para consumir nossos produtos Com os salgadinhos da Oryai, todo lanche vira uma festa! Os nossos salgadinhos j\u00e1 s\u00e3o gostosos por si s\u00f3, mas a gente acha que tudo sempre pode ficar mais saboroso e divertido. Por isso, use sua imagina\u00e7\u00e3o! Nossos salgadinhos ficam deliciosos com molhos [&hellip;]<\/p>\n","protected":false},"author":1,"featured_media":0,"parent":0,"menu_order":0,"comment_status":"closed","ping_status":"closed","template":"","meta":{"site-sidebar-layout":"no-sidebar","site-content-layout":"page-builder","ast-site-content-layout":"default","site-content-style":"default","site-sidebar-style":"default","ast-global-header-display":"","ast-banner-title-visibility":"","ast-main-header-display":"","ast-hfb-above-header-display":"","ast-hfb-below-header-display":"","ast-hfb-mobile-header-display":"","site-post-title":"disabled","ast-breadcrumbs-content":"","ast-featured-img":"disabled","footer-sml-layout":"","ast-disable-related-posts":"","theme-transparent-header-meta":"enabled","adv-header-id-meta":"","stick-header-meta":"","header-above-stick-meta":"","header-main-stick-meta":"","header-below-stick-meta":"","astra-migrate-meta-layouts":"default","ast-page-background-enabled":"default","ast-page-background-meta":{"desktop":{"background-color":"","background-image":"","background-repeat":"repeat","background-position":"center center","background-size":"auto","background-attachment":"scroll","background-type":"","background-media":"","overlay-type":"","overlay-color":"","overlay-opacity":"","overlay-gradient":""},"tablet":{"background-color":"","background-image":"","background-repeat":"repeat","background-position":"center center","background-size":"auto","background-attachment":"scroll","background-type":"","background-media":"","overlay-type":"","overlay-color":"","overlay-opacity":"","overlay-gradient":""},"mobile":{"background-color":"","background-image":"","background-repeat":"repeat","background-position":"center center","background-size":"auto","background-attachment":"scroll","background-type":"","background-media":"","overlay-type":"","overlay-color":"","overlay-opacity":"","overlay-gradient":""}},"ast-content-background-meta":{"desktop":{"background-color":"var(--ast-global-color-5)","background-image":"","background-repeat":"repeat","background-position":"center center","background-size":"auto","background-attachment":"scroll","background-type":"","background-media":"","overlay-type":"","overlay-color":"","overlay-opacity":"","overlay-gradient":""},"tablet":{"background-color":"var(--ast-global-color-5)","background-image":"","background-repeat":"repeat","background-position":"center center","background-size":"auto","background-attachment":"scroll","background-type":"","background-media":"","overlay-type":"","overlay-color":"","overlay-opacity":"","overlay-gradient":""},"mobile":{"background-color":"var(--ast-global-color-5)","background-image":"","background-repeat":"repeat","background-position":"center center","background-size":"auto","background-attachment":"scroll","background-type":"","background-media":"","overlay-type":"","overlay-color":"","overlay-opacity":"","overlay-gradient":""}},"footnotes":""},"class_list":["post-5450","page","type-page","status-publish","hentry"],"_links":{"self":[{"href":"https:\/\/fastalimentos.com.br\/index.php\/wp-json\/wp\/v2\/pages\/5450","targetHints":{"allow":["GET"]}}],"collection":[{"href":"https:\/\/fastalimentos.com.br\/index.php\/wp-json\/wp\/v2\/pages"}],"about":[{"href":"https:\/\/fastalimentos.com.br\/index.php\/wp-json\/wp\/v2\/types\/page"}],"author":[{"embeddable":true,"href":"https:\/\/fastalimentos.com.br\/index.php\/wp-json\/wp\/v2\/users\/1"}],"replies":[{"embeddable":true,"href":"https:\/\/fastalimentos.com.br\/index.php\/wp-json\/wp\/v2\/comments?post=5450"}],"version-history":[{"count":43,"href":"https:\/\/fastalimentos.com.br\/index.php\/wp-json\/wp\/v2\/pages\/5450\/revisions"}],"predecessor-version":[{"id":5853,"href":"https:\/\/fastalimentos.com.br\/index.php\/wp-json\/wp\/v2\/pages\/5450\/revisions\/5853"}],"wp:attachment":[{"href":"https:\/\/fastalimentos.com.br\/index.php\/wp-json\/wp\/v2\/media?parent=5450"}],"curies":[{"name":"wp","href":"https:\/\/api.w.org\/{rel}","templated":true}]}}